hen 30742 is divided by 144.
70
What is the remainder when 1730 is divided by 243?
29
What is the remainder when 4152 is divided by 1013?
100
What is the remainder when 15537 is divided by 444?
441
What is the remainder when 3304 is divided by 419?
371
What is the remainder when 8189999 is divided by 60?
59
What is the remainder when 23433 is divided by 354?
69
Calculate the remainder when 5115 is divided by 5052.
63
Calculate the remainder when 968 is divided by 186.
38
What is the remainder when 3008193 is divided by 7?
6
Calculate the remainder when 37710 is divided by 13.
10
What is the remainder when 3312 is divided by 214?
102
What is the remainder when 143889 is divided by 84?
81
Calculate the remainder when 244025 is divided by 1184.
121
Calculate the remainder when 1468 is divided by 186.
166
Calculate the remainder when 2030 is divided by 256.
238
Calculate the remainder when 367197 is divided by 12.
9
Calculate the remainder when 4484 is divided by 771.
629
What is the remainder when 106314 is divided by 2045?
2019
Calculate the remainder when 199182 is divided by 271.
268
What is the remainder when 1328 is divided by 414?
86
Calculate the remainder when 14598 is divided by 75.
48
Calculate the remainder when 2424 is divided by 151.
8
What is the remainder when 8635 is divided by 2830?
145
What is the remainder when 4378 is divided by 163?
140
Calculate the remainder when 1916 is divided by 475.
16
Calculate the remainder when 2855 is divided by 136.
135
Calculate the remainder when 1537 is divided by 317.
269
Calculate the remainder when 18292 is divided by 44.
32
What is the remainder when 1209845 is divided by 253?
252
What is the remainder when 112735 is divided by 112716?
19
Calculate the remainder when 858 is divided by 20.
18
Calculate the remainder when 2160808 is divided by 135.
133
What is the remainder when 15874 is divided by 397?
391
Calculate the remainder when 138480 is divided by 107.
22
What is the remainder when 20067 is divided by 1433?
5
What is the remainder when 104039 is divided by 76?
71
What is the remainder when 105977 is divided by 3654?
11
Calculate the remainder when 7756897 is divided by 43.
41
Calculate the remainder when 156749 is divided by 16.
13
Calculate the remainder when 20462 is divided by 6816.
14
What is the remainder when 2356 is divided by 408?
316
Calculate the remainder when 8942 is divided by 4084.
774
Calculate the remainder when 86760 is divided by 37.
32
What is the remainder when 3865 is divided by 109?
50
What is the remainder when 2486 is divided by 1163?
160
Calculate the remainder when 24687 is divided by 4937.
2
Calculate the remainder when 10185 is divided by 474.
231
Calculate the remainder when 77322 is divided by 90.
12
Calculate the remainder when 1235507 is divided by 10.
7
What is the remainder when 77502 is divided by 7750?
2
Calculate the remainder when 5668 is divided by 95.
63
Calculate the remainder when 3082507 is divided by 34.
33
What is the remainder when 57251 is divided by 17?
12
What is the remainder when 35276 is divided by 16?
12
What is the remainder when 533178 is divided by 20?
18
What is the remainder when 21469 is divided by 38?
37
Calculate the remainder when 62738 is divided by 389.
109
Calculate the remainder when 6361 is divided by 140.
61
What is the remainder when 13169 is divided by 61?
54
What is the remainder when 337824 is divided by 1104?
0
Calculate the remainder when 2152 is divided by 1067.
18
What is the remainder when 23730 is divided by 81?
78
What is the remainder when 7745 is divided by 3847?
51
Calculate the remainder when 119563 is divided by 318.
313
What is the remainder when 616862 is divided by 28?
22
What is the remainder when 7165 is divided by 1022?
11
Calculate the remainder when 11816 is divided by 10.
6
Calculate the remainder when 39616 is divided by 1017.
970
Calculate the remainder when 481 is divided by 261.
220
Calculate the remainder when 140428 is divided by 836.
816
What is the remainder when 150346 is divided by 216?
10
What is the remainder when 555371 is divided by 359?
357
What is the remainder when 266 is divided by 30?
26
What is the remainder when 4586 is divided by 2264?
58
What is the remainder when 83223 is divided by 136?
127
What is the remainder when 98861 is divided by 4?
1
What is the remainder when 99221 is divided by 14172?
17
What is the remainder when 420187 is divided by 140058?
13
Calculate the remainder when 398866 is divided by 1108.
1094
Calculate the remainder when 3964 is divided by 3958.
6
Calculate the remainder when 87510 is divided by 43651.
208
What is the remainder when 99819 is divided by 127?
124
What is the remainder when 33297 is divided by 33291?
6
Calculate the remainder when 2508 is divided by 2204.
304
Calculate the remainder when 649 is divided by 199.
52
Calculate the remainder when 548908 is divided by 57.
55
What is the remainder when 1758 is divided by 773?
212
What is the remainder when 1906 is divided by 42?
16
Calculate the remainder when 47728 is divided by 86.
84
What is the remainder when 107885 is divided by 157?
26
Calculate the remainder when 1729 is divided by 1023.
706
What is the remainder when 214870 is divided by 375?
370
Calculate the remainder when 142616 is divided by 122.
120
Calculate the remainder when 82061 is divided by 10226.
253
Calculate the remainder when 129767 is divided by 267.
5
What is the remainder when 1356 is divided by 217?
54
Calculate the remainder when 165902 is divided by 41471.
18
Calculate the remainder when 97278 is divided by 737.
731
What is the remainder when 4516816 is divided by 9?
4
Calculate the remainder when 77500 is divided by 1409.
5
What is the remainder when 1707438 is divided by 14?
12
What is the remainder when 4067 is divided by 119?
21
What is the remainder when 3456 is divided by 861?
12
Calculate the remainder when 23633 is divided by 3373.
22
What is the remainder when 2816 is divided by 1407?
2
What is the remainder when 1245 is divided by 600?
45
What is the remainder when 6104 is divided by 409?
378
Calculate the remainder when 1740 is divided by 690.
360
What is the remainder when 1536 is divided by 543?
450
What is the remainder when 48247 is divided by 48?
7
What is the remainder when 114953 is divided by 38312?
17
What is the remainder when 25 is divided by 17?
8
What is the remainder when 65121 is divided by 7?
0
What is the remainder when 12166 is divided by 487?
478
What is the remainder when 122517 is divided by 132?
21
What is the remainder when 5913 is divided by 29?
26
Calculate the remainder when 42485 is divided by 2.
1
Calculate the remainder when 2204693 is divided by 104.
101
Calculate the remainder when 90645 is divided by 15.
0
Calculate the remainder when 2568 is divided by 1132.
304
Calculate the remainder when 104972 is divided by 475.
472
Calculate the remainder when 75922 is divided by 43.
27
What is the remainder when 691 is divided by 617?
74
Calculate the remainder when 5127 is divided by 391.
44
Calculate the remainder when 500151 is divided by 93.
90
Calculate the remainder when 1046 is divided by 176.
166
What is the remainder when 88247 is divided by 2521?
12
What is the remainder when 268137 is divided by 18?
9
Calculate the remainder when 1516092 is divided by 315.
312
Calculate the remainder when 9671 is divided by 45.
41
What is the remainder when 3069 is divided by 59?
1
Calculate the remainder when 9872 is divided by 429.
5
Calculate the remainder when 17115 is divided by 54.
51
Calculate the remainder when 1920775 is divided by 27.
22
Calculate the remainder when 22880 is divided by 11440.
0
What is the remainder when 29132 is divided by 4158?
26
What is the remainder when 46660 is divided by 150?
10
Calculate the remainder when 128535 is divided by 61.
8
Calculate the remainder when 11051 is divided by 210.
131
What is the remainder when 3367 is divided by 238?
35
Calculate the remainder when 132225 is divided by 103.
76
Calculate the remainder when 1098 is divided by 324.
126
Calculate the remainder when 10406 is divided by 325.
6
What is the remainder when 670 is divided by 285?
100
Calculate the remainder when 36669 is divided by 2.
1
What is the remainder when 